0 = 3*r - 3. What is x(r)?
6
Let r(c) be the first derivative of -39 - 1/3*c**3 - 1/2*c**2 + 7*c. Calculate r(0).
7
Let c(v) = -2*v - 1. Let p = 78 - 70. Let h(z) = 5*z - 42. Let w be h(p). What is c(w)?
3
Let r(k) = 7 + 15 + 1 - 3*k - 6 - 3. Give r(8).
-10
Let s(u) = 5*u + 1. Suppose 0 = 5*b - 5*g + 52 - 17, -11 = -b - 5*g. Give s(b).
-19
Suppose -3*q + 5*u + 783 = 0, 4*q - 575 - 469 = 2*u. Let n be q/81 + 2/(-9). Let y(s) = -s**2 + 2*s + 2. Calculate y(n).
-1
Let b = -1 - -7. Let d(g) = g**2 - 9*g + 2. Let u(a) = a**2 - 9*a + 3. Let j(t) = -5*d(t) + 6*u(t). Give j(b).
-10
Let l(c) = -5*c + 1. Let s(p) = 5 - 5 - 3 - 9*p + 3*p. Let y be s(-1). Give l(y).
-14
Let l be 51/17 + -2*3. Let z(s) be the first derivative of -2/3*s**3 + 10 - 5/2*s**2 - 4*s. What is z(l)?
-7
Let j(r) = 1 - 336*r + 0 + 339*r - 2. Suppose u + 7 - 9 = 2*t, 5*t + 20 = -5*u. Calculate j(u).
-7
Let v(r) be the second derivative of 5/12*r**4 + 1/20*r**5 + 5/2*r**2 - 19*r - 4/3*r**3 + 0. What is v(-6)?
17
Let h(z) be the second derivative of 2*z**3/3 - 3*z**2 + 2*z. Let t be (-30)/26 + (-38)/(-247). Let y be -4 + (11 - 2) + t. Determine h(y).
10
Let a be (88/(-22))/(2/4*1). Let u(o) = o**2 + 7*o - 5. Give u(a).
3
Let j(a) = a - 3. Let s(u) = u**2 - 3*u + 12. Let n = -15 - -13. Let p(h) = n*s(h) - 9*j(h). Let x be -5 - -1*4/2. What is p(x)?
-6
Let g(j) = -14*j - 1. Let y be (4/(-10))/((-76)/1900). Suppose -3*h = -8*h - 5, 4*v - 48 = 4*h. Let m = y - v. Give g(m).
13
Suppose -19 = 24*y + 29. Let k(f) = -7*f**3 - 2. What is k(y)?
54
Let t(s) = -s**2 - 34*s - 5. Let r be t(0). Let f(d) = 3*d**2 - 9*d - 8. Let q(i) = -5*i**2 + 17*i + 15. Let g(w) = -7*f(w) - 4*q(w). What is g(r)?
-4
Suppose -5*f - 86 = 3*l, -4*f + 2*l = 137 - 55. Let v = -25 - f. Let s(j) = -3*j - 4 - 2 + 0*j. Give s(v).
12
Let b(q) = -2*q**2 + q. Let t(r) = -3*r**2 - 8*r + 3. Let c(p) = b(p) - t(p). Calculate c(-8).
-11
Suppose -3*v = -2*l + l - 8, 2*v = 3*l - 4. Suppose 2*f + 6 = -5*b - 5, l = 5*f + 2*b. Let w(n) = 0*n**2 + f*n**2 + 3*n**2 + 5*n - n**3 + 5. Give w(6).
-1
Suppose 8 = -z - 4*f, 0 = -5*z - 2*f - f - 6. Let t(i) = -1 + 107*i - 108*i - 7. What is t(z)?
-8
Let h(i) be the second derivative of 2*i**3/3 + 21*i**2/2 + 127*i. Calculate h(-5).
1
Let p(q) be the first derivative of -q**4/4 - 7*q**3/3 - q**2 - 16*q + 389. Calculate p(-7).
-2
Suppose 0 = 26*d - 29*d + 27. Let x(l) = -l**2 + 11*l - 6. Give x(d).
12
Let v = 11 - 7. Suppose -5*n - 5 = 2*a, v*a - 4*n = -2*n + 2. Let t(k) be the second derivative of -k**4/12 + k**3/6 - 7*k**2/2 + 4*k. Give t(a).
-7
Let o(y) = 16*y - 1. Let x be (-2 - 1)*4/6. Let r be (22/18 + x/9)/1. Calculate o(r).
15
Suppose f + l + 4 = 0, 4*f + l = -l - 20. Let v(n) be the second derivative of n**5/20 + 7*n**4/12 + 4*n**3/3 + 5*n**2/2 - 226*n. Determine v(f).
-7
Let g(j) be the third derivative of -j**4/8 - j**3/6 + 11*j**2 + 1. Determine g(-1).
2
Suppose 0*o - 19 = -v + 4*o, -3*v = -2*o - 17. Suppose 1 + 5 = -v*u. Let z(d) = -73*d + 7. Let j(r) = -117*r + 11. Let i(a) = -15*j(a) + 24*z(a). Give i(u).
-3
Let y = -4 + 20. Suppose 8*v - 8 - y = 0. Let n(o) = -o**2 + o + 2. Determine n(v).
-4
Let u(t) = t + 2. Let b(g) = -2*g - 2. Let y(f) = -5*f + 8. Let x be y(2). Let r(o) = x*u(o) - 3*b(o). Calculate r(-3).
-10
Let x(f) = f. Let a be x(-13). Let o be (11 + a)*(1 - 3). Let w be o/(-8) + (-36)/(-8). Let g(i) = 2*i - 5. Determine g(w).
3
Suppose 5*m + k + 18 = 63, 0 = -m - 2*k. Suppose 10 = -2*z + 5*n, 4*n - 1 = z + m. Let g(f) = f**2 - 5*f - 5. What is g(z)?
-5
Let d(k) = 37*k + 14*k + 3*k**2 + 8 + 6 - 31*k. What is d(-6)?
2
Let w(o) = 5*o - 5*o**2 + o**2 - 4*o. Let h(m) = -26*m + 652. Let f be h(25). Give w(f).
-14
Let o(c) = -17*c. Let j(f) = -4*f**3 - f**2 - f + 1. Let w(z) = 21*z**3 + 6*z**2 + 4*z - 4. Let a(q) = -11*j(q) - 2*w(q). Let b be a(1). Calculate o(b).
-17
Let q = 1467 + -1474. Let i(s) = -s**2 - 6*s - 8. Determine i(q).
-15
Let x(w) = w**3 - w - 1. Let l(z) = -3*z**3 - 8*z**2 + 7*z + 8. Let r(s) = l(s) + 4*x(s). Calculate r(7).
-24
Let w(f) = -3*f**3 + 6*f**2 + 5*f - 3. Let q(h) = h**3 - 2*h**2 - 2*h + 1. Suppose 6*d + 20 = -46. Let i(v) = d*q(v) - 4*w(v). Determine i(2).
5
Suppose o - 3*v = 0, -2*o - 18 = -0*o + 3*v. Let j(y) = -345 + 3*y + 169 + 2*y + 171 + y**2. Calculate j(o).
1
Let s(b) = -2*b**3 - 2*b**2 + 2*b. Suppose -3*w = -6*w + 3*m - 12, 4*w = -4*m - 24. Let j be 24/40 - 17/w. Let o = 2 - j. What is s(o)?
4
Let w(q) = 4*q + 10. Let g(x) = -3*x - 9. Let h(a) = -7*g(a) - 6*w(a). Let m = -12 - -8. Let k be 10/m*4/(-5). What is h(k)?
-3
Let u(i) = -i**3 + 10 + 0*i - i**2 + 0*i. Suppose -10*r = 31 - 11. Let q be 0*(r - (-15)/9). Give u(q).
10
Let g(v) = 26*v + 20. Let f(d) = -9*d - 7. Let j(n) = -11*f(n) - 4*g(n). Let i(t) = 2*t + 1. Let c(u) = -8*i(u) - 3*j(u). What is c(5)?
-4
Let s = -680 + 694. Let h(r) = -r**2 + 15*r - 20. Calculate h(s).
-6
Let k(y) be the first derivative of -y**2/2 + 4*y + 1. Let c(n) be the third derivative of n**4/8 - 2*n**3/3 - 25*n**2. Let v be c(3). Calculate k(v).
-1
Let a(h) = -3*h + 30. Let i be a(8). Suppose 0 = -i*j + 3*j + j. Let f(y) = -y + 4. What is f(j)?
4
Let n(j) = j - 5. Let p(r) = r**2 - 4*r - 2. Let t be p(7). Let s = t + -19. Calculate n(s).
-5
Let l(p) = p - 5. Let n be (2 - (-3 + 5))/2. Let d be (-2*(-1 + -1))/1. Suppose 0*k - d*k + 24 = n. Give l(k).
1
Let x(m) = -m + 2. Let h(s) = 2*s - 10. Let p be h(5). Suppose t = -4 - p. Determine x(t).
6
Let v(b) = 352*b - 698*b + 351*b. Give v(-3).
-15
Let h(o) be the first derivative of -o**3/3 + 6*o**2 - 12*o - 621. Suppose k + 11 = 5*w - 44, -5*k = -3*w + 33. Let y be h(w). Let a(t) = 6*t**2. What is a(y)?
6
Let f(u) = u**2 + 3*u - 1. Suppose -6*i - 24 = -2*i. Suppose -3*h + 4 = -k - 2*h, 3*h - 6 = -3*k. Let q be (-2)/(i/9*k). Give f(q).
-1
Let w(v) be the second derivative of -v**4/3 + v**3/2 - 500*v. Give w(2).
-10
Suppose -3*u = 2*u - 25. Suppose 0 = 3*p - 5*p - 2*j - 18, -4*p - u*j = 36. Let x(t) = -t**3 - 8*t**2 + 9*t + 2. Give x(p).
2
Suppose 5*k + 67 = 12. Let i = -10 - k. Let w(j) be the second derivative of 2*j**3/3 - j**2/2 - 2*j. Calculate w(i).
3
Let n be (-27)/(-15) + 7/35. Let x(i) = -i**n + 1 - 60*i + 2*i**3 + 6*i**2 - 2*i**2 + 61*i. Let a be (-1)/(-1)*-5 + 3. Calculate x(a).
-5
Let o(a) = 42 + 9*a - 41 + 12*a. Calculate o(1).
22
Let g be 0 + 12/((-4)/(-2)). Let w(y) = y**3 + 11*y**2 + 16*y + 2. Let p be w(-9). Let h(q) = q**3 + 2 - 1 - p*q**2 + 10*q**2 + 5*q**2 - 5*q. Calculate h(g).
7
Let s(k) = 21 + 18*k - 48*k + 29*k. Give s(0).
21
Let z(f) = -f + 18. Let k be z(16). Suppose -5*x - 5 = 0, 0*x - 1 = -d - x. Let w(c) = d*c**2 + 2*c**3 - 4*c + c - 3*c**3 + 1. Determine w(k).
-5
Let r(y) = y**2 - 14*y + 10. Let q = 590 + -575. Give r(q).
25
Let r(d) be the first derivative of d**4/12 - 7*d**3/6 + 9*d**2/2 - d - 1. Let y(v) be the first derivative of r(v). Let b be 2 - 7/21*-12. Give y(b).
3
Let i(o) = o**3 + 7*o**2 + 5. Let k = 272 - 279. What is i(k)?
5
Suppose 0 = 2*c - 5*c + 3. Let r = 12 - c. Let o(l) = l**3 - 12*l**2 + 12*l - 12. Let m be o(r). Let x(n) = -11*n - 1. Give x(m).
10
Let n(b) = -75 - 2*b + 151 - 79. Let q(z) = -z. Let a(d) = n(d) - 3*q(d). Calculate a(-5).
-8
Let v(c) be the third derivative of -1/720*c**6 - 11*c**2 + 0*c - 1/12*c**4 + 0*c**5 + 0*c**3 + 0. Let o(y) be the second derivative of v(y). Give o(1).
-1
Let y(l) be the second derivative of -2*l**3/3 + 3*l**2 - 7*l - 10. What is y(-5)?
26
Let m = 9 - 7. Let w(i) be the third derivative of -1/6*i**3 + 1/30*i**5 - 13*i**2 + 0*i + 1/12*i**4 - 1/120*i**6 + 0. What is w(m)?
3
Let f(a) = 2*a**2 + 2*a - 7. Let m be f(2). Suppose 4*d = m*y + 9 + 15, 4*y = 5*d - 30. Let q(c) = 5*c - 9. What is q(d)?
21
Let j(v) = -v - 3. Let d(l) = -l. Let i(g) = -d(g) - j(g). Determine i(-5).
-7
Let m(x) = -2*x - 5. Let w(j) = 4*j - 28. Let z(k) = k - 9. Let o(c) = 3*w(c) - 10*z(c). Let p(g) = 4*m(g) + 3*o(g). Calculate p(2).
-6
Let b(v) = -5*v**2 - 14*v - 12. Let p(q) = -11*q**2 - 29*q - 25. Let r(o) = -13*b(o) + 6*p(o). Let g = 4 - -4. Suppose -2*f = -g*f + 42. Calculate r(f).
13
Let k(s) = -2*s - 1 - 233*s**2 + 294*s**2 + 0. Give k(-1).
62
Let n(m) = m**3 - 4*m**2 + 4*m - 4. Suppose -q - 3*l = 2*q + 63, -4*l - 66 = 3*q. Let u = q - -22. What is n(u)?
12
Let a(v) be the second derivative of -v**4/